?
2, 5, 7
List the prime factors of 20576.
2, 643
List the prime factors of 170240.
2, 5, 7, 19
What are the prime factors of 152?
2, 19
List the prime factors of 75549.
3, 25183
What are the prime factors of 2762?
2, 1381
List the prime factors of 45934.
2, 7, 17, 193
What are the prime factors of 39368?
2, 7, 19, 37
List the prime factors of 7160.
2, 5, 179
What are the prime factors of 31034?
2, 59, 263
What are the prime factors of 8844?
2, 3, 11, 67
What are the prime factors of 138477?
3, 31, 1489
What are the prime factors of 6966?
2, 3, 43
What are the prime factors of 40529?
40529
List the prime factors of 85944.
2, 3, 3581
List the prime factors of 5322.
2, 3, 887
What are the prime factors of 14979?
3, 4993
What are the prime factors of 13975?
5, 13, 43
List the prime factors of 16214.
2, 11, 67
What are the prime factors of 2476?
2, 619
What are the prime factors of 546?
2, 3, 7, 13
What are the prime factors of 93683?
93683
What are the prime factors of 6828?
2, 3, 569
List the prime factors of 16360.
2, 5, 409
What are the prime factors of 55933?
55933
What are the prime factors of 2043?
3, 227
List the prime factors of 109.
109
List the prime factors of 693.
3, 7, 11
What are the prime factors of 5436?
2, 3, 151
What are the prime factors of 8891?
17, 523
List the prime factors of 51186.
2, 3, 19, 449
List the prime factors of 3065.
5, 613
What are the prime factors of 5756?
2, 1439
What are the prime factors of 18932?
2, 4733
What are the prime factors of 79411?
79411
What are the prime factors of 5574?
2, 3, 929
What are the prime factors of 2808?
2, 3, 13
What are the prime factors of 19611?
3, 2179
List the prime factors of 8195.
5, 11, 149
List the prime factors of 2793.
3, 7, 19
List the prime factors of 43345.
5, 8669
List the prime factors of 1560.
2, 3, 5, 13
What are the prime factors of 1452?
2, 3, 11
List the prime factors of 26169.
3, 11, 13, 61
List the prime factors of 61779.
3, 20593
What are the prime factors of 1040?
2, 5, 13
What are the prime factors of 5710?
2, 5, 571
List the prime factors of 3159.
3, 13
What are the prime factors of 590?
2, 5, 59
List the prime factors of 12.
2, 3
What are the prime factors of 2291?
29, 79
List the prime factors of 680.
2, 5, 17
List the prime factors of 2436.
2, 3, 7, 29
What are the prime factors of 6893?
61, 113
List the prime factors of 39.
3, 13
List the prime factors of 20481.
3, 6827
What are the prime factors of 1308?
2, 3, 109
What are the prime factors of 276?
2, 3, 23
What are the prime factors of 87543?
3, 71, 137
List the prime factors of 82.
2, 41
What are the prime factors of 25152?
2, 3, 131
List the prime factors of 4764.
2, 3, 397
List the prime factors of 1552.
2, 97
List the prime factors of 15532.
2, 11, 353
List the prime factors of 576.
2, 3
List the prime factors of 1986.
2, 3, 331
What are the prime factors of 42?
2, 3, 7
List the prime factors of 16364.
2, 4091
What are the prime factors of 8201?
59, 139
List the prime factors of 1364.
2, 11, 31
What are the prime factors of 13664?
2, 7, 61
List the prime factors of 1522.
2, 761
List the prime factors of 472.
2, 59
List the prime factors of 390.
2, 3, 5, 13
What are the prime factors of 2342?
2, 1171
List the prime factors of 17059.
7, 2437
List the prime factors of 19743.
3, 6581
List the prime factors of 412.
2, 103
List the prime factors of 35639.
157, 227
What are the prime factors of 2016?
2, 3, 7
What are the prime factors of 4872?
2, 3, 7, 29
What are the prime factors of 118?
2, 59
What are the prime factors of 194959?
19, 31, 331
List the prime factors of 472.
2, 59
What are the prime factors of 25467?
3, 13, 653
What are the prime factors of 2134?
2, 11, 97
What are the prime factors of 5498?
2, 2749
List the prime factors of 169.
13
List the prime factors of 200.
2, 5
List the prime factors of 32691.
3, 17, 641
What are the prime factors of 312?
2, 3, 13
What are the prime factors of 49184?
2, 29, 53
What are the prime factors of 2019?
3, 673
List the prime factors of 36645.
3, 5, 7, 349
What are the prime factors of 92395?
5, 17, 1087
What are the prime factors of 906?
2, 3, 151
What are the prime factors of 2263?
31, 73
What are the prime factors of 1685?
5, 337
What are the prime factors of 9476?
2, 23, 103
What are the prime factors of 1029?
3, 7
What are the prime factors of 13563?
3, 11, 137
List the prime factors of 132910.
2, 5, 13291
List the prime factors of 4376.
2, 547
List the prime factors of 63420.
2, 3, 5, 7, 151
What are the prime factors of 896?
2, 7
What are the prime factors of 9669?
3, 11, 293
What are the prime factors of 5128?
2, 641
List the prime factors of 1488.
2, 3, 31
List the prime factors of 125989.
19, 349
List the prime factors of 5041.
71
List the prime factors of 178385.
5, 35677
List the prime factors of 52151.
11, 431
List the prime factors of 60378.
2, 3, 29, 347
List the prime factors of 202.
2, 101
What are the prime factors of 14911?
13, 31, 37
What are the prime factors of 131260?
2, 5, 6563
List the prime factors of 38514.
2, 3, 7, 131
List the prime factors of 862.
2, 431
List the prime factors of 12167.
23
List the prime factors of 1452.
2, 3, 11
List the prime factors of 42336.
2, 3, 7
What are the prime factors of 3191?
3191
List the prime factors of 10902.
2, 3, 23, 79
What are the prime factors of 528?
2, 3, 11
List the prime factors of 18835.
5, 3767
List the prime factors of 1666.
2, 7, 17
List the prime factors of 802.
2, 401
What are the prime factors of 67695?
3, 5, 4513
List the prime factors of 46104.
2, 3, 17, 113
What are the prime factors of 28533?
3, 9511
What are the prime factors of 5774?
2, 2887
What are the prime factors of 1055?
5, 211
List the prime factors of 3755.
5, 751
What are the prime factors of 1237?
1237
What are the prime factors of 4304?
2, 269
List the prime factors of 20145.
3, 5, 17, 79
List the prime factors of 58231.
58231
List the prime factors of 878.
2, 439
What are the prime factors of 29736?
2, 3, 7, 59
What are the prime factors of 4138?
2, 2069
What are the prime factors of 4524?
2, 3, 13, 29
List the prime factors of 10348.
2, 13, 199
List the prime factors of 840.
2, 3, 5, 7
What are the prime factors of 3299?
3299
What are the prime factors of 433?
433
What are the prime factors of 1773?
3, 197
What are the prime factors of 126797?
11, 11527
What are the prime factors of 642?
2, 3, 107
List the prime factors of 4432.
2, 277
What are the prime factors of 24317?
24317
List the prime factors of 3238.
2, 1619
What are the prime factors of 15299?
15299
List the prime factors of 38121.
3, 97, 131
What are the prime factors of 352?
2, 11
List the prime factors of 1184.
2, 37
What are the prime factors of 35?
5, 7
What are the prime factors of 252?
2, 3, 7
List the prime factors of 14498.
2, 11, 659
List the prime factors of 54786.
2, 3, 23, 397
What are the prime factors of 137?
137
What are the prime factors of 1894?
2, 947
List the prime factors of 57306.
2, 3, 9551
List the prime factors of 868.
2, 7, 31
What are the prime factors of 1376?
2, 43
What are the prime factors of 197?
197
List the prime factors of 601.
601
List the prime factors of 10057.
89, 113
List the prime factors of 38294.
2, 41, 467
What are the prime factors of 1723?
1723
List the prime factors of 43054.
2, 11, 19, 103
What are the prime factors of 2108?
2, 17, 31
List the prime factors of 2237.
2237
List the prime factors of 21588.
2, 3, 7, 257
What are the prime factors of 8606?
2, 13, 331
List the prime factors of 93790.
2, 5, 83, 113
List the prime factors of 83559.
3, 7, 23, 173
What are the prime factors of 71?
71
What are the prime factors of 165026?
2, 109, 757
What are the prime factors of 8961?
3, 29, 103
What are the prime factors of 1203?
3, 401
What are the prime factors of 3078?
2, 3, 19
What are the prime factors of 81591?
3, 27197
What are the prime factors of 403?
13, 31
What are the prime factors of 2303?
7, 47
List the prime factors of 7940.
2, 5, 397
List the prime factors of 3560.
2, 5, 89
List the prime factors of 1179.
3, 131
What are the prime factors of 25739?
7, 3677
List the prime factors of 12586.
2, 7, 29, 31
What are the prime factors of 3258?
2, 3, 181
List the prime factors of 26293.
26293
What